n factor of k and 15?
15
Let l(z) = 2*z**2 + 14*z + 4. Let g be l(-10). Suppose 5*h - f = 44, 5 = 4*h + 3*f - 15. What is the greatest common factor of g and h?
8
Let z(q) = -q**3 + q**2 + q - 105. Let n be z(0). Let s be 14*(-5)/(n/54). Let d(i) = 25*i**2 - 1. Let t be d(1). What is the highest common factor of s and t?
12
Let n(j) = 2*j**2 + 9*j + 2. Let m be n(-4). Let k = 7 - m. What is the highest common factor of 63 and k?
9
Let d(v) = -v**3 + v**2. Let q be d(-1). What is the highest common factor of q and 2?
2
Let l(c) = -c**3 + 4*c**2 - c + 4. Let t be l(4). Suppose t = -n - 0*n + 24. Calculate the highest common factor of 3 and n.
3
Let a(s) = s**3 + 14*s**2 + 7*s + 2. Let b be a(-13). What is the highest common divisor of 10 and b?
10
Let i(f) = 21*f - 15. Let k(h) = -3*h + 2. Let a(y) = 2*i(y) + 15*k(y). Let b be a(-1). What is the highest common factor of 12 and b?
3
Let m be (-12 + 3)*8/(-6). What is the greatest common factor of m and 3?
3
Let m(z) = -5*z + 2. Let t be m(-1). Calculate the highest common factor of 1 and t.
1
Let r be 1/(1*(-1)/(-52)). Suppose -3*p = -32 - r. Suppose n + 1 + 2 = 0, 5*d = -2*n + 14. What is the greatest common factor of p and d?
4
Let c be 14 + (-3)/3 - (13 - 12). Let p = 4 - -2. Calculate the greatest common factor of p and c.
6
Suppose -4*r = 2*w - 60, -5*w + 4*r = -0*r - 220. Calculate the greatest common factor of w and 32.
8
Let h be (-1)/6 + (-94)/12. Let p(j) = -7*j**2 - 6*j + 8. Let t be p(h). Let l be t/(-35) - 1/5. Calculate the greatest common divisor of 88 and l.
11
Let p = -3 - -4. Suppose -i + p = -1. Let s be (-16 - 1)*(1 - i). Calculate the greatest common divisor of 119 and s.
17
Let q(g) = 2*g**2 - 8*g + 4. Let a be q(5). Suppose -5*r - 5*m = -30, -r + 9 = -4*m - 2. What is the greatest common divisor of a and r?
7
Suppose 29 = 5*x - 91. Suppose 12 = 2*f - x. What is the greatest common factor of 6 and f?
6
Let w(b) = 11*b - 6. Let k be w(4). What is the greatest common divisor of 57 and k?
19
Suppose 3*m + 17 = 4*m. Suppose -5*k + 4*o + 749 = 0, -3*k + 582 = -2*o + 131. What is the highest common divisor of m and k?
17
Let x(j) = 2*j - 1. Suppose -2*z - a = 3, 5*z + 4*a + 15 = -0*a. Let m be x(z). Let u = m + 10. Calculate the greatest common divisor of 11 and u.
11
Let x(d) = 9*d - 34. Let h be x(10). What is the greatest common divisor of 84 and h?
28
Let k(v) = 5*v - 21. Let y be k(7). Suppose 35 = 3*u + 2*u. What is the highest common factor of y and u?
7
Let i(t) be the first derivative of t**2 - 2. Suppose -5*a - k = -18, k - 10 = 6*k. Let r be i(a). Calculate the highest common factor of 4 and r.
4
Let g = -3 + 7. Suppose 486 + 96 = 3*a + 3*z, -5*z = -g*a + 812. Calculate the highest common factor of 18 and a.
18
Let l(u) = -2*u**3 - 2*u**2 + 5*u. Let h be l(-4). Suppose g + b - 97 = -4*g, 3*g - 2*b - 53 = 0. Calculate the greatest common factor of h and g.
19
Let n(d) = -d**2 - 10*d + 44. Let k be n(-10). Calculate the highest common factor of k and 55.
11
Let k = 173 + -624. Let l = k + 682. Calculate the highest common divisor of 21 and l.
21
Suppose 2*p - o + 220 = 6*p, 3*p - 5*o - 165 = 0. What is the greatest common divisor of p and 22?
11
Suppose -6*p + 2*p = -4. Suppose 4*h - 9 = -w, w = -3*w - 12. What is the highest common factor of h and p?
1
Suppose 0 = 2*m - 10, -4*m = 6*k - 2*k - 316. Let v = -18 + k. Let g(q) = -q. Let y be g(-7). Calculate the greatest common factor of y and v.
7
Let k = 126 - 58. Let h = 124 - k. Let b = -4 + 12. What is the highest common factor of b and h?
8
Suppose 8 = 3*q - 16. What is the highest common factor of q and 2?
2
Suppose 6*y + 2*y - 48 = 0. What is the greatest common divisor of y and 24?
6
Let p(f) = -3*f - f**3 + 0*f + 2*f - 7*f**2 - 7. Let s be p(-7). Suppose s = -4*b + 226 + 38. Calculate the highest common divisor of b and 6.
6
Let t = -15 + 38. What is the highest common divisor of t and 92?
23
Suppose 4*n - 25 - 15 = 0. Suppose 6 = 4*b - 10. Suppose 5*m = -2*w + 30, b*w + 2*m - 56 = w. What is the greatest common divisor of n and w?
10
Let p = -2 - -6. Suppose -n - n - 8 = -5*k, -2*k + p = 0. Calculate the greatest common factor of 5 and n.
1
Let m be (44/(-10))/((-1)/5). Suppose 0 = -4*x + j + j + m, 3*x - j = 17. Calculate the greatest common factor of 60 and x.
6
Let c = 7 + -7. Let a be 0/1 - -1 - c. Calculate the highest common factor of a and 3.
1
Suppose 3*o + 9 = 6*o. Suppose -o*c + 4 = -c. Suppose -50 + 2 = -c*u. What is the highest common divisor of 12 and u?
12
Let h be (-1)/(((-27)/42)/9). What is the highest common factor of h and 7?
7
Let g be ((-12)/(-15))/(4/(-10)) - -29. What is the greatest common divisor of 243 and g?
27
Suppose -2*u = -6*u. Suppose u*p = p - 84. Let q = -57 + p. What is the highest common divisor of q and 18?
9
Let u = 45 + -31. Let l be 4/14 - 292/(-7). Calculate the highest common divisor of u and l.
14
Let m be 2 + 0 + (1 - 3). Suppose m = -n - 2*j + 28, j + j = 8. What is the highest common divisor of n and 50?
10
Let p = 9 + 4. Calculate the greatest common factor of 65 and p.
13
Let d = -4 - -7. Suppose 5 + 3 = -4*c - d*b, -18 = -2*c + 4*b. Calculate the greatest common factor of c and 5.
1
Let v = 1 - -1. Suppose -2*b = 4*k - 6, b - v*k - 6 - 13 = 0. What is the highest common factor of b and 55?
11
Suppose -j - 18 = 5*m, 12 = -5*m + m. Let u be (1 + j)*12/(-3). Calculate the highest common divisor of 72 and u.
8
Let k(x) = -x - 4. Let q be k(-6). Suppose 22 = -w + q*w - 4*p, 4*w + 3*p = -7. Calculate the highest common divisor of 18 and w.
2
Let c = -9 - -4. Let g = c + 13. Let l be (-4 - -1) + (76 - 1). Calculate the highest common divisor of g and l.
8
Let w = -54 + 90. Let v(o) be the first derivative of -o**4/4 - o**2/2 + 12*o + 2. Let k be v(0). Calculate the greatest common factor of w and k.
12
Suppose 0 = -k - 2*j + 7, 4*k - 2*j = 60 - 12. What is the highest common divisor of 11 and k?
11
Let b = 217 + -79. What is the greatest common factor of b and 23?
23
Let v = -1 + 2. Suppose -2*h = 4*n - 16, 0 = -4*n - 5*h + 22. Suppose 4*s - 3*q - 15 = 0, -4*q + 8*q = -n*s + 5. What is the greatest common factor of s and v?
1
Let x(q) = q**3 + 7*q**2 + 4*q + 4. Let u be x(-6). What is the highest common divisor of 16 and u?
16
Let o(q) = -2*q - 1. Suppose -2*u = -2*p + 6, 3*p + 5 = -u - 6. Let k be o(u). Calculate the greatest common divisor of k and 72.
9
Suppose -3*s - 10 = -8*s. What is the highest common factor of 1 and s?
1
Let q = 21 + -10. Let r = -1 - -6. Suppose -r*j + 51 = f, 64 = 4*j + 2*f - 7*f. Calculate the highest common divisor of j and q.
11
Let o = -109 - -186. Let f(k) = -k + 1. Let c be f(-6). Suppose 4*g - c - 37 = 0. What is the highest common divisor of g and o?
11
Let h = 1 - -26. Let c = h - 21. Calculate the greatest common factor of c and 3.
3
Let x be (1 + -10)*(-5)/15. Calculate the highest common divisor of 6 and x.
3
Let c = 33 + -17. Let l be -5 + 3 + c/4. What is the highest common divisor of 5 and l?
1
Let a be 25 - 3*(-3 + 2). Suppose 2*b + 2 = a. Calculate the greatest common divisor of 143 and b.
13
Let h = 6 - 4. Let k be (-1)/h*-4 - -14. What is the highest common factor of k and 64?
16
Let s = -7 + 5. Let b be (-31)/s + (-1)/(-2). Let q = b - 9. What is the highest common factor of q and 77?
7
Let f(t) = 5 + 4*t + 2*t - 2*t + t**2. Let v be f(-5). Let r = -6 + v. Calculate the greatest common factor of r and 44.
4
Let q(h) = 6*h - 2. Let c be q(6). Suppose 12 - c = -2*g + 3*i, -10 = -2*g - 3*i. What is the highest common divisor of g and 2?
2
Let m = 69 - 45. Suppose 5*f + 5*b - 25 = 0, 0 = f + 4*b + 1 - 3. Calculate the highest common factor of m and f.
6
Suppose -41 = -p - 2*j, -p + 5*j - 24 = -79. Suppose -4*m + m = -p. Calculate the greatest common factor of 75 and m.
15
Suppose 4*w = 5*r - 759, -5*r + 4*w = -r - 604. Calculate the highest common divisor of 62 and r.
31
Let j be -3*(22/(-6) - 0). Let d(w) = 3*w**2 - 18*w - 15. Let t be d(8). What is the greatest common factor of j and t?
11
Suppose 3*o + o - 24 = 0. Let m be (-1 - 221/(-6)) + 38/228. What is the highest common divisor of m and o?
6
Let g be 4/(-2) - -10 - -3. Let o = g - 10. Let q = 26 - 18. Calculate the highest common factor of q and o.
1
Let q be ((-9)/2)